ite number?
False
Is 3270693097 prime?
False
Is 80266841 prime?
False
Is 213691 composite?
True
Is 91340141 prime?
True
Is 55897187 a prime number?
True
Is 17880341 prime?
False
Is 365335451 composite?
True
Is 6978281 prime?
True
Is 98988947 a composite number?
True
Is 70955849 a prime number?
True
Is 12259201 prime?
True
Is 12315929 a composite number?
False
Is 40434637 prime?
False
Is 2203459 prime?
False
Is 26685697 a prime number?
True
Is 244477487 a composite number?
False
Is 1516989 prime?
False
Is 136404367 composite?
True
Is 729403 composite?
False
Is 28805887 a composite number?
True
Is 7790279 prime?
False
Is 2251673 a composite number?
False
Is 613313 a prime number?
False
Is 22506833 a composite number?
False
Is 709817 composite?
False
Is 228635027 a prime number?
False
Is 11400811 a composite number?
True
Is 124428973 a composite number?
True
Is 9562583 prime?
False
Is 8939159 a prime number?
True
Is 242831 a composite number?
True
Is 1672441 a composite number?
False
Is 1391689 prime?
False
Is 14256755 a prime number?
False
Is 4021261 a composite number?
False
Is 42075743 composite?
False
Is 301624061 prime?
True
Is 10626163 a prime number?
True
Is 5156663 a composite number?
False
Is 2205761 prime?
True
Is 1361 a composite number?
False
Is 225321623 prime?
True
Is 9322633 a composite number?
True
Is 4367681 composite?
False
Is 103550273 a prime number?
False
Is 264139723 a prime number?
True
Is 86352033 a prime number?
False
Is 1086089 a composite number?
False
Is 7879089 composite?
True
Is 49891027 a composite number?
False
Is 120035639 composite?
False
Is 51770291 a composite number?
False
Is 6340181 prime?
False
Is 591403 composite?
False
Is 121217423 a prime number?
False
Is 3796109 a composite number?
False
Is 940829 a prime number?
True
Is 2522701 prime?
False
Is 105299017 a composite number?
True
Is 321961 prime?
True
Is 140105579 prime?
True
Is 177908083 prime?
False
Is 1623793 composite?
False
Is 48715577 a composite number?
True
Is 94629031 prime?
False
Is 8879393 prime?
True
Is 357073 a composite number?
False
Is 265124315 a prime number?
False
Is 55060207 a prime number?
False
Is 25699441 prime?
False
Is 250805423 a composite number?
True
Is 42026305 prime?
False
Is 491628863 prime?
False
Is 738707 a composite number?
False
Is 2682229 prime?
False
Is 37214347 a prime number?
False
Is 6008999 composite?
True
Is 50334737 prime?
False
Is 97530809 prime?
True
Is 903173 a composite number?
True
Is 3694189 prime?
False
Is 10432009 a composite number?
True
Is 10623881 composite?
True
Is 182939 a prime number?
False
Is 102147013 a composite number?
False
Is 3565613 a composite number?
False
Is 2067883 a prime number?
True
Is 426210269 composite?
False
Is 3833581 prime?
False
Is 160746979 prime?
True
Is 3752927 a composite number?
True
Is 68743289 a prime number?
False
Is 24207763 a composite number?
True
Is 61731781 composite?
False
Is 2993327 composite?
False
Is 174355663 prime?
False
Is 5111287 a composite number?
False
Is 3246641 prime?
True
Is 146686798 a composite number?
True
Is 109727297 a prime number?
True
Is 20281297 a prime number?
True
Is 203960591 a composite number?
False
Is 19349849 a composite number?
False
Is 16955839 composite?
False
Is 100451035 prime?
False
Is 82781 prime?
True
Is 401720695 a composite number?
True
Is 2542933 a composite number?
False
Is 20513177 prime?
True
Is 4405109 a prime number?
False
Is 3365191 a composite number?
False
Is 18077959 composite?
True
Is 6508547 a composite number?
True
Is 208266659 composite?
False
Is 4236679 a prime number?
True
Is 11103337 a prime number?
False
Is 38564663 prime?
True
Is 8683195 composite?
True
Is 7978897 composite?
True
Is 17956043 composite?
True
Is 10335263 a composite number?
False
Is 1096231 a composite number?
True
Is 2375669753 a composite number?
False
Is 449299 composite?
False
Is 162812323 a composite number?
False
Is 888073939 a prime number?
True
Is 2581583 composite?
False
Is 10377239 prime?
True
Is 255610219 prime?
True
Is 5069413 prime?
True
Is 887261 composite?
False
Is 79150481 a prime number?
False
Is 9380543 a prime number?
False
Is 15462917 composite?
False
Is 2319781 composite?
True
Is 6935233 composite?
False
Is 28662587 prime?
True
Is 37097653 prime?
False
Is 393719 prime?
False
Is 9384751 a prime number?
False
Is 231970273 prime?
True
Is 231479 composite?
False
Is 99923731 composite?
False
Is 4727519 a composite number?
False
Is 5145601 a prime number?
True
Is 857881 prime?
False
Is 192833 composite?
False
Is 163358467 a composite number?
False
Is 34215035 a prime number?
False
Is 6518267 composite?
True
Is 979127249 composite?
False
Is 3465727 prime?
True
Is 327956627 prime?
True
Is 511781 prime?
False
Is 7838783 composite?
True
Is 2073407 a prime number?
False
Is 2673537 a composite number?
True
Is 6159893 a composite number?
False
Is 83083829 a prime number?
True
Is 762505 a composite number?
True
Is 18469751 composite?
False
Is 690122957 composite?
False
Is 152563687 prime?
True
Is 3066249 a prime number?
False
Is 798871 a composite number?
False
Is 120683777 composite?
True
Is 40601343 composite?
True
Is 94821941 a prime number?
True
Is 10195021 a prime number?
True
Is 3484729 a composite number?
False
Is 65924213 prime?
True
Is 158828101 a composite number?
True
Is 260510723 prime?
False
Is 3682303 a composite number?
False
Is 5834227 a prime number?
False
Is 90936173 composite?
True
Is 637731089 a prime number?
True
Is 170962747 prime?
False
Is 658055 composite?
True
Is 10884917 a prime number?
True
Is 53111801 composite?
True
Is 127782367 composite?
False
Is 15514987 a composite number?
True
Is 38883953 a prime number?
True
Is 7934743 prime?
False
Is 3126901 a composite number?
False
Is 177951763 composite?
True
Is 34629583 composite?
True
Is 229104569 a prime number?
True
Is 43507307 a prime number?
True
Is 21953189 prime?
False
Is 66750793 a prime number?
True
Is 1646003 composite?
True
Is 758867 composite?
False
Is 471322 a composite number?
True
Is 2597399 prime?
False
Is 4436314 composite?
True
Is 81166247 composite?
False
Is 8542291 composite?
False
Is 31823837 a prime number?
True
Is 27836299 a prime number?
True
Is 3556789 a composite number?
True
Is 2141443 a composite number?
True
Is 15753167 a composite number?
False
Is 3317147 a prime number?
True
Is 67173377 composite?
False
Is 19618099 prime?
True
Is 70235273 composite?
True
Is 1134724881 composite?
True
Is 5151617 a prime number?
True
Is 12855043 a composite number?
True
Is 18557393 a prime number?
True
Is 335158237 composite?
False
Is 157678361 prime?
False
Is 262874569 a composite number?
True
Is 26943439 a composite number?
False
Is 3301471 a prime number?
True
Is 97112339 a prime number?
False
Is 17460203 composite?
True
Is 890419 composite?
False
Is 764131 prime?
True
Is 23605457 composite?
True
Is 214588709 a prime number?
True
Is 1425419 prime?
False
Is 100436083 composite?
True
Is 30173303 a prime number?
False
Is 549257 prime?
True
Is 24121177 prime?
True
Is 211762429 a composite number?
True
Is 596820359 a prime number?
True
Is 125744779 composite?
True
Is 81612233 a prime number?
False
Is 115689253 a prime number?
False
Is 77473265 composite?
True
Is 5191691 a prime number?
False
Is 11352281 composite?
False
Is 343317017 prime?
False
Is 228258169 prime?
False
Is 10966765 a composite number?
True
Is 52025887 composite?
True
Is 1754549 a prime number?
True
Is 32073073 composite?
True
Is 154026973 a prime number?
False
Is 19112143 a prime number?
True
Is 1775747 prime?
True
Is 12956597 a prime number?
True
Is 55937459 composite?
False
Is 7092431 a prime number?
True
Is 120597137 a prime number?
True
Is 16552027 prime?
True
Is 30344833 prime?
False
Is 29488267 a prime number?
True
Is 125273671 composite?
True
Is 10858397 a prime number?
False
Is 2062937 a composite number?
False
Is 19256599 a composite number?
False
Is 482854561 a prime number?
False
Is 40063843 a prime number?
True
Is 2153621 a prime number?
True
Is 171919 a composite number?
True
Is 51263437 a prime number?
False
Is 20736853 prime?
True
Is 30893263 prime?
True
Is 5572841 a composite number?
True
Is 1793794 a prime number?
False
Is 1368461 a prime number?
True
Is 7192118 a 